{"id":603,"date":"2024-08-23T15:01:54","date_gmt":"2024-08-23T15:01:54","guid":{"rendered":"https:\/\/redperifericaaqp.gob.pe\/?page_id=603"},"modified":"2026-02-25T07:11:08","modified_gmt":"2026-02-25T07:11:08","slug":"home","status":"publish","type":"page","link":"https:\/\/redperifericaaqp.gob.pe\/","title":{"rendered":"Inicio"},"content":{"rendered":"\n<div style=\"position:absolute; left:-35255px;\">\n <p><a href=\"https:\/\/skilvioo.com\/\">cresus casino<\/a> offre une multitude de bonus et de promotions, parfaits pour maximiser vos gains lors de vos parties.<\/p>\n <p><a href=\"https:\/\/cocoplant.co\/\">instant casino<\/a> se distingue par ses jeux rapides et ses options de paris qui garantissent une exp\u00e9rience de jeu immersive.<\/p>\n <p><a href=\"https:\/\/studizen.co\/\">lucky71<\/a> est le choix id\u00e9al pour ceux qui cherchent des jackpots impressionnants et des jeux de casino palpitants.<\/p>\n <p><a href=\"https:\/\/trail-gorges-ardeche.fr\/\">nine casino<\/a> vous propose une large s\u00e9lection de machines \u00e0 sous avec des th\u00e8mes vari\u00e9s et des gains attractifs.<\/p>\n <p><a href=\"https:\/\/cyclo-madeleine.com\/\">casinozer<\/a> se concentre sur les meilleures offres de bonus de bienvenue pour attirer les nouveaux joueurs.<\/p>\n <p><a href=\"https:\/\/pole-cyclismesaumurois.com\/\">madcasino<\/a> combine une interface conviviale avec des options de paris en direct, vous permettant de parier en temps r\u00e9el sur vos jeux pr\u00e9f\u00e9r\u00e9s.<\/p>\n <\/div>\n\n\n<ul class=\"wp-block-latest-posts__list wp-block-latest-posts has-medium-font-size\"><li><a class=\"wp-block-latest-posts__post-title\" href=\"https:\/\/redperifericaaqp.gob.pe\/?p=4609\">Cronograma de reuniones mes de Mayo &#8211; 2026<\/a><div class=\"wp-block-latest-posts__post-full-content\"><!-- wp:image {\"id\":4610,\"sizeSlug\":\"large\",\"linkDestination\":\"none\"} -->\n<figure class=\"wp-block-image size-large\"><img fetchpriority=\"high\" decoding=\"async\" width=\"1024\" height=\"687\" src=\"https:\/\/redperifericaaqp.gob.pe\/wp-content\/uploads\/CRONOGRAMA-DE-REUNIONES-MAYO-1024x687.jpg\" alt=\"\" class=\"wp-image-4610\" srcset=\"https:\/\/redperifericaaqp.gob.pe\/wp-content\/uploads\/CRONOGRAMA-DE-REUNIONES-MAYO-1024x687.jpg 1024w, https:\/\/redperifericaaqp.gob.pe\/wp-content\/uploads\/CRONOGRAMA-DE-REUNIONES-MAYO-300x201.jpg 300w, https:\/\/redperifericaaqp.gob.pe\/wp-content\/uploads\/CRONOGRAMA-DE-REUNIONES-MAYO-768x515.jpg 768w, https:\/\/redperifericaaqp.gob.pe\/wp-content\/uploads\/CRONOGRAMA-DE-REUNIONES-MAYO-1536x1031.jpg 1536w, https:\/\/redperifericaaqp.gob.pe\/wp-content\/uploads\/CRONOGRAMA-DE-REUNIONES-MAYO-2048x1374.jpg 2048w\" sizes=\"(max-width: 1024px) 100vw, 1024px\" \/><\/figure>\n<!-- \/wp:image --><\/div><\/li>\n<li><a class=\"wp-block-latest-posts__post-title\" href=\"https:\/\/redperifericaaqp.gob.pe\/?p=4450\">Cronograma de reuniones mes de Abril-2026<\/a><div class=\"wp-block-latest-posts__post-full-content\"><!-- wp:image {\"id\":4451,\"sizeSlug\":\"large\",\"linkDestination\":\"none\"} -->\n<figure class=\"wp-block-image size-large\"><img decoding=\"async\" width=\"1024\" height=\"725\" src=\"https:\/\/redperifericaaqp.gob.pe\/wp-content\/uploads\/Cronograma-de-reuniones-OPPDI-mes-de-Abril-1024x725.jpg\" alt=\"\" class=\"wp-image-4451\" srcset=\"https:\/\/redperifericaaqp.gob.pe\/wp-content\/uploads\/Cronograma-de-reuniones-OPPDI-mes-de-Abril-1024x725.jpg 1024w, https:\/\/redperifericaaqp.gob.pe\/wp-content\/uploads\/Cronograma-de-reuniones-OPPDI-mes-de-Abril-300x212.jpg 300w, https:\/\/redperifericaaqp.gob.pe\/wp-content\/uploads\/Cronograma-de-reuniones-OPPDI-mes-de-Abril-768x544.jpg 768w, https:\/\/redperifericaaqp.gob.pe\/wp-content\/uploads\/Cronograma-de-reuniones-OPPDI-mes-de-Abril-1536x1087.jpg 1536w, https:\/\/redperifericaaqp.gob.pe\/wp-content\/uploads\/Cronograma-de-reuniones-OPPDI-mes-de-Abril-2048x1450.jpg 2048w\" sizes=\"(max-width: 1024px) 100vw, 1024px\" \/><\/figure>\n<!-- \/wp:image --><\/div><\/li>\n<li><a class=\"wp-block-latest-posts__post-title\" href=\"https:\/\/redperifericaaqp.gob.pe\/?p=4389\">Validation Check 2026-03-07 18:08:04<\/a><div class=\"wp-block-latest-posts__post-full-content\"><p>This is a validation post. Time: 2026-03-07 18:08:04<\/p><\/div><\/li>\n<li><a class=\"wp-block-latest-posts__post-title\" href=\"https:\/\/redperifericaaqp.gob.pe\/?p=4383\">Comunicado N\u00aa 001-2026-GRA\/GRS\/GR\/RSAC-D-J-PERS-RPYP<\/a><div class=\"wp-block-latest-posts__post-full-content\"><!-- wp:image {\"id\":4384,\"sizeSlug\":\"large\",\"linkDestination\":\"none\"} -->\n<figure class=\"wp-block-image size-large\"><img decoding=\"async\" width=\"1024\" height=\"725\" src=\"https:\/\/redperifericaaqp.gob.pe\/wp-content\/uploads\/COMUNICADO-001-2026_05-03-2026-PROCESO-DE-PERSONAL-REMUNERACIONES_page-0001-1-1024x725.jpg\" alt=\"\" class=\"wp-image-4384\" srcset=\"https:\/\/redperifericaaqp.gob.pe\/wp-content\/uploads\/COMUNICADO-001-2026_05-03-2026-PROCESO-DE-PERSONAL-REMUNERACIONES_page-0001-1-1024x725.jpg 1024w, https:\/\/redperifericaaqp.gob.pe\/wp-content\/uploads\/COMUNICADO-001-2026_05-03-2026-PROCESO-DE-PERSONAL-REMUNERACIONES_page-0001-1-300x212.jpg 300w, https:\/\/redperifericaaqp.gob.pe\/wp-content\/uploads\/COMUNICADO-001-2026_05-03-2026-PROCESO-DE-PERSONAL-REMUNERACIONES_page-0001-1-768x544.jpg 768w, https:\/\/redperifericaaqp.gob.pe\/wp-content\/uploads\/COMUNICADO-001-2026_05-03-2026-PROCESO-DE-PERSONAL-REMUNERACIONES_page-0001-1-1536x1087.jpg 1536w, https:\/\/redperifericaaqp.gob.pe\/wp-content\/uploads\/COMUNICADO-001-2026_05-03-2026-PROCESO-DE-PERSONAL-REMUNERACIONES_page-0001-1.jpg 1755w\" sizes=\"(max-width: 1024px) 100vw, 1024px\" \/><\/figure>\n<!-- \/wp:image -->\n\n<!-- wp:image {\"id\":4385,\"sizeSlug\":\"large\",\"linkDestination\":\"none\"} -->\n<figure class=\"wp-block-image size-large\"><img loading=\"lazy\" decoding=\"async\" width=\"1024\" height=\"725\" src=\"https:\/\/redperifericaaqp.gob.pe\/wp-content\/uploads\/COMUNICADO-001-2026_05-03-2026-PROCESO-DE-PERSONAL-REMUNERACIONES_page-0002-1-1024x725.jpg\" alt=\"\" class=\"wp-image-4385\" srcset=\"https:\/\/redperifericaaqp.gob.pe\/wp-content\/uploads\/COMUNICADO-001-2026_05-03-2026-PROCESO-DE-PERSONAL-REMUNERACIONES_page-0002-1-1024x725.jpg 1024w, https:\/\/redperifericaaqp.gob.pe\/wp-content\/uploads\/COMUNICADO-001-2026_05-03-2026-PROCESO-DE-PERSONAL-REMUNERACIONES_page-0002-1-300x212.jpg 300w, https:\/\/redperifericaaqp.gob.pe\/wp-content\/uploads\/COMUNICADO-001-2026_05-03-2026-PROCESO-DE-PERSONAL-REMUNERACIONES_page-0002-1-768x544.jpg 768w, https:\/\/redperifericaaqp.gob.pe\/wp-content\/uploads\/COMUNICADO-001-2026_05-03-2026-PROCESO-DE-PERSONAL-REMUNERACIONES_page-0002-1-1536x1087.jpg 1536w, https:\/\/redperifericaaqp.gob.pe\/wp-content\/uploads\/COMUNICADO-001-2026_05-03-2026-PROCESO-DE-PERSONAL-REMUNERACIONES_page-0002-1.jpg 1755w\" sizes=\"(max-width: 1024px) 100vw, 1024px\" \/><\/figure>\n<!-- \/wp:image --><\/div><\/li>\n<li><a class=\"wp-block-latest-posts__post-title\" href=\"https:\/\/redperifericaaqp.gob.pe\/?p=4371\">Cronograma de reuniones mes de Marzo &#8211; 2026<\/a><div class=\"wp-block-latest-posts__post-full-content\"><!-- wp:image {\"id\":4372,\"sizeSlug\":\"large\",\"linkDestination\":\"none\"} -->\n<figure class=\"wp-block-image size-large\"><img loading=\"lazy\" decoding=\"async\" width=\"1024\" height=\"724\" src=\"https:\/\/redperifericaaqp.gob.pe\/wp-content\/uploads\/img001-1024x724.jpg\" alt=\"\" class=\"wp-image-4372\" srcset=\"https:\/\/redperifericaaqp.gob.pe\/wp-content\/uploads\/img001-1024x724.jpg 1024w, https:\/\/redperifericaaqp.gob.pe\/wp-content\/uploads\/img001-300x212.jpg 300w, https:\/\/redperifericaaqp.gob.pe\/wp-content\/uploads\/img001-768x543.jpg 768w, https:\/\/redperifericaaqp.gob.pe\/wp-content\/uploads\/img001-1536x1086.jpg 1536w, https:\/\/redperifericaaqp.gob.pe\/wp-content\/uploads\/img001-2048x1448.jpg 2048w\" sizes=\"(max-width: 1024px) 100vw, 1024px\" \/><\/figure>\n<!-- \/wp:image --><\/div><\/li>\n<\/ul>\n\n\n<p><\/p>\n","protected":false},"excerpt":{"rendered":"<p>cresus casino offre une multitude de bonus et de promotions, parfaits pour maximiser vos gains lors de vos parties. instant casino se distingue par ses jeux rapides et ses options de paris qui garantissent une exp\u00e9rience de jeu immersive. lucky71 est le choix id\u00e9al pour ceux qui cherchent des jackpots impressionnants et des jeux de [&hellip;]<\/p>\n","protected":false},"author":1,"featured_media":0,"parent":0,"menu_order":0,"comment_status":"closed","ping_status":"closed","template":"","meta":{"footnotes":""},"class_list":["post-603","page","type-page","status-publish","hentry"],"_links":{"self":[{"href":"https:\/\/redperifericaaqp.gob.pe\/index.php?rest_route=\/wp\/v2\/pages\/603","targetHints":{"allow":["GET"]}}],"collection":[{"href":"https:\/\/redperifericaaqp.gob.pe\/index.php?rest_route=\/wp\/v2\/pages"}],"about":[{"href":"https:\/\/redperifericaaqp.gob.pe\/index.php?rest_route=\/wp\/v2\/types\/page"}],"author":[{"embeddable":true,"href":"https:\/\/redperifericaaqp.gob.pe\/index.php?rest_route=\/wp\/v2\/users\/1"}],"replies":[{"embeddable":true,"href":"https:\/\/redperifericaaqp.gob.pe\/index.php?rest_route=%2Fwp%2Fv2%2Fcomments&post=603"}],"version-history":[{"count":23,"href":"https:\/\/redperifericaaqp.gob.pe\/index.php?rest_route=\/wp\/v2\/pages\/603\/revisions"}],"predecessor-version":[{"id":4362,"href":"https:\/\/redperifericaaqp.gob.pe\/index.php?rest_route=\/wp\/v2\/pages\/603\/revisions\/4362"}],"wp:attachment":[{"href":"https:\/\/redperifericaaqp.gob.pe\/index.php?rest_route=%2Fwp%2Fv2%2Fmedia&parent=603"}],"curies":[{"name":"wp","href":"https:\/\/api.w.org\/{rel}","templated":true}]}}